 6 + 4).
-7
Calculate (-8 - 1) + (11 - 7).
-5
Evaluate 0 + -19 + -21 + -24 + 53.
-11
Calculate (-9 + 7 - (0 - -5)) + -2.
-9
What is 17 - (1 - (-10 - -2))?
8
Calculate (-29 - -20) + (-1 - (5 + -4)).
-11
Calculate 2 - ((-4 - -2) + -6 + 4 + -3).
9
What is 0 + 9 + -18 + 4?
-5
Calculate -49 - -36 - (4 - 4).
-13
What is (-65 - -61) + -5 + -8 + (-2 - 1)?
-20
Calculate (9 - 1) + (1 - 13 - (45 + -35)).
-14
0 + 0 + -7 - (379 - 379)
-7
What is (-6 + 3 - 4 - 1) + 6 + -11?
-13
What is 5 + -5 + (-5 - (-10 + 9)) + 16?
12
What is the value of (3 - -14) + -24 + 13 + -35?
-29
Evaluate 7 + 13 + -4 + -16.
0
Calculate -11 - (8 - 11 - (-3 - (5 + -42))).
26
What is 15 + -1 - (-1 - (-9 - -9))?
15
What is -5 + -1 + (-2 - 8 - (-3 - 10))?
-3
-3 + 2 - -29 - (-217 - -225)
20
What is the value of -6 + (6 - -3) - 11?
-8
Evaluate (2 - 19) + 32 + -11.
4
-12 + 1 - (-773 - -749)
13
Calculate (-4 - (-10 - -10)) + (-3 - 0 - 0).
-7
Calculate (2 - 0) + (329 - 331).
0
What is the value of -16 + (-3 - (11 + -16))?
-14
93 + -111 - (-9 - -3)
-12
Evaluate (-2 - -63) + -356 + 328.
33
Calculate -8 + (1 - 2) + (2 - (-13 - -15)).
-9
Evaluate 46 + (-11 - -11 - 6) - 2.
38
Evaluate -94 - -80 - (1 - 3).
-12
What is the value of 2 - (-1 + 3 + -11 + 5 + 0)?
6
What is the value of -23 - -1 - (-9 + -21 + 16 + 7)?
-15
What is the value of (3 + -5 - -8) + -6 + -1?
-1
What is 2 - 25 - -21 - (-20 + -1)?
19
Evaluate (38 - (-6 - -6)) + -28.
10
Calculate -6 + 0 + (-27 + (22 - 12) - -9).
-14
What is the value of (1 - -1) + 5 - (349 - 336)?
-6
Calculate (-7 - -2) + 2 + -8.
-11
What is 20 + ((0 - 7) + (40 - 37) - -5)?
21
What is the value of -13 - (-1 - 13) - -7?
8
Calculate -10 + (13 - (0 - -4)) + -3.
-4
Calculate -9 + (18 - 0) + 23 + -38.
-6
-17 + (4 - (9 + -11 + 6)) + 4
-13
Calculate -8 - (7 - (-9 + 6 + (-7 - -8))).
-17
What is the value of -10 - (13 + -31 + -2)?
10
Evaluate -1 + (-19 + 23 - (12 - 1)) - 8.
-16
Calculate (-14 - -10 - -8) + -1 + -3 + -5.
-5
Evaluate -39 - (-90 + 60 - (4 - 18)).
-23
What is the value of 327 + -322 + (2 - (23 - -2 - 0))?
-18
What is the value of 17 - (-31 - (-15 - -7) - -18)?
22
8 + (-6 + 3 + -4 - -1) + 11
13
23 + (2 - -23 - 68)
-20
-12 - (1 - -10 - 9) - 7
-21
What is -75 - -89 - ((-2 - -5) + -13 - 2)?
26
What is the value of -5 + 0 - (-7 + (8 - -2))?
-8
Evaluate (-25 + -14 - -54) + -40.
-25
(3 - 1) + (-4 - (-5 + 0) - 2)
1
(2 - -14) + -2 + -10 + 3 - 20
-13
-11 + (21 - 14) + 2
-2
What is the value of (11 - -1) + (84 - 85)?
11
What is the value of 21 + (24 - (13 - -37))?
-5
(5 - 1) + -20 + 48 + -25
7
What is 55 + -54 + 1 + 5 + 0 - -8?
15
Evaluate (22 - (-4 + 13)) + 0.
13
Calculate -6 + (2 - -4) + -4 + 1.
-3
(-15 + 5 - -5) + 5 + 45 + -16
29
Evaluate 1 - (16 - (15 + 20) - -47).
-27
What is (-17 - -18) + 8 + -5 + -3 + -11?
-10
What is -8 + (11 - 15) + 19 + 10?
17
What is the value of -12 + 13 + 10 - 7?
4
Evaluate -9 + 24 - (-9 - -17).
7
Evaluate 29 + -23 + 1 + 14.
21
What is the value of 0 + -4 + -8 + (-16 - -10)?
-18
Calculate 11 + -9 + 20 + -17.
5
3 + -3 - 8 - (16 + -8)
-16
Evaluate 4 + -8 + (14 - (31 - 6)).
-15
Calculate 2 + -4 + 2 + -75 + 63.
-12
What is the value of 15 + (-18 - 10) - -4?
-9
What is the value of -18 + -10 - (5 - (-23 - -25))?
-31
What is -2 + (2 - (1 - 10) - 11)?
-2
What is -3 + 9 + (-1 - 1) - -10?
14
What is the value of (-1 - -3) + -9 - (192 - 191)?
-8
What is the value of 9 + -7 + -2 + 5 - (2 + 1)?
2
What is the value of 1 + -6 - ((19 - 11) + -11) - 6?
-8
What is the value of (18 - -2) + 28 + -17 + -6?
25
Calculate -6 + -1 - (-22 + 30 + 1).
-16
-2 - ((-4 - -2) + (12 + -32 - -18))
2
Calculate -29 + (-19 - -78) + -10.
20
Evaluate 3 + 18 + (11 - 17) - 1.
14
Evaluate 3 + (0 + -6 - -7) + 2 - 22.
-16
Evaluate (-17 - (-6 - 2)) + (-2 - -17) - 17.
-11
Evaluate -30 - 2 - (160 + -180).
-12
0 + 8 + 4 + -48 + 21
-15
What is -21 + 0 - (-443 - -435)?
-13
18 - (43 + (-12 - 2) - 15)
4
What is the value of 0 + -5 - (-15 + -9 + -5)?
24
Evaluate 10 + 3 + (-5 - -48) + -30.
26
Calculate (63 - 59) + -1 + 6 + (0 - 0).
9
10 - ((11 - 13) + 18)
-6
Calculate -7 + -24 - (-56 - 7).
32
Calculate 8 + 3 + -29 + 30 - 8.
4
What is -23 + 22 + -7 - -25?
17
4 + 3 + (-8 - -10) + -21 + 9
-3
What is the value of 0 + 27 - (-657 - -672)?
12
Evaluate 14 + 0 + 514 + -538.
-10
Calculate 31 + (-26 - -45 - 34).
16
Evaluate (34 + 5 - 37) + (-2 + 6 - 1).
5
What is 16 + -4 + -6 + -2 + -4?
0
What is -6 - (-5 - (-10 - -7))?
-4
Calculate (-7 + 3 - (4 - 12)) + -2.
2
Calculate (-11 - (3 - 25)) + 16.
27
Evaluate -5 + 14 + 10 + (0 - 22).
-3
10 + -34 + -10 + 11
-23
What is the value of -11 - ((-20 - (7 - 1)) + -3)?
18
Calculate 9 - 3 - (7 + -2) - 18.
-17
Evaluate -12 + -2 + 1 + 4 - (4 - -4).
-17
-35 + (-20 - (-65 + 23))
-13
8 + -6 + -1 + 9 + -5
5
Calculate (6 - 2) + 0 + -4 - (-4 - -2).
2
1 + -5 + 7 + -14 + 4 + 3
-4
What is the value of -5 + 30 + -28 + 1 + 5?
3
What is 0 + (16 - 7) + -7?
2
Evaluate 70 + -64 + 28 + -7 + 0.
27
Calculate 1 + -8 + 87 + -56.
24
What is the value of (88 - 72 - (14 + 0)) + (13 - -1)?
16
(11 - -7) + -8 + -3
7
What is 29 + -23 - -3 - (11 + -2)?
0
What is the value of 29 - (36 + -4 - -6)?
-9
12 + -2 - (24 + 8 + -28)
6
What is the value of 12 + (4 - (14 + (-4 - 1))) + 32?
39
What is the value of -3 + -11 - (26 + -36) - 1?
-5
What is the value of 9 - 25 - 16 - -22?
-10
What is the value of -10 - (-65 + 71 - (1 + 4 - -2))?
-9
Evaluate -21 - (-3 + 2) - (35 - 42).
-13
What is the value of (0 - 3) + (-5 + 12 + -20 - -7)?
-9
What is the value of 7 + (10 - 10 - 2)?
5
Evaluate 10 + 0 + 1 - ((181 - 147) + 7).
-30
Evaluate (4 - 2) + 25 + -13 + 10 + 6.
30
-13 - (-21 + 32 + 8)
-32
Evaluate -13 + 2 - (22 + -4 - 22).
-7
(38 - 60) + 33 + 2 + -20
-7
What is 352 + -372 - (2 - (8 - 2))?
-16
What is -160 + 116 - (-34 + 3)?
-13
What is the value of (-10 - -5 - -7) + (-9 - -5) - -3?
1
What is -23 - -76 - (3 + 30)?
20
What is (1 + -5 - -6) + -6 + 10 - -6?
12
Calculate -9 + (-16 - -16) - 2.
-11
What is the value of 1 - (-3 - -7 - 4)?
1
(-14 - (-3 + 8)) + 13 + -5
-11
Calculate (-6 - 1) + (1 - 3) - (-308 - -318).
-19
What is the value of (-9 - (4 + -4)) + -4 + -2 + -3?
-18
Calculate (-4 - (14 - 27) - 9) + 18 + 2.
20
What is 37 - (18 - 1 - 2) - 6?
16
What is 6 + -11 - (-28 + 42)?
-19
What is 8 + (6 - 14) + 5 + 1?
6
8 + (-19 - -19) + -33
-25
(-40 - -36) + 8 + 0 + 1 - -6
11
What is -19 + (6 - (-15 - -11 - 1) - 12)?
-20
Calculate 14 + -31 + 14 + -2.
-5
What is (-57 - 14) + 40 - (-3 - 0)?
-28
What is the value of 3 + 1 - (-2 - 2 - (-6 - 7))?
-5
What is the value of 10 - (10 - (0 - 12 - (-14 - 6)))?
8
Evaluate -12 - (1 - (0 - (2 - 11))).
-4
1 + (-9 - -3) + 3
-2
What is the value of (0 - -20) + 443 + -458?
5
What is the value of (-3 - -2) + -3 + (19 - 22) + 9?
2
Evaluate -4 - 2 - (-4 + (-2 - 10) + 8).
2
(15 - (21 - -3)) + -9
-18
-1 + -2 - (-4 + 3) - (-7 - -6)
-1
What is the value of -8 - 14 - 3 - -16?
-9
What is 8 + -5 - (-25 + 15 + 4)?
9
Evaluate -391 - -381 - ((-3 - -4) + 0 + -41).
30
What is (3 + (0 - -4) - -2) + -1 - 12?
-4
What is (-1 - -11) + 9 + 9 + -8 + -5?
15
Evaluate (4 + -3 - -1) + 4 - (-306 - -338).
-26
What is -44 + 31 + -59 + 43?
-29
Evaluate (11 - (-2 - -24)) + 0.
-11
What is (-20 - -24) + (-1 - -5) + -7?
1
Evaluate 6 - (-31 - -17) - -1.
21
What is 260 + -235 - (3 + 45)?
-23
What is the value of 2 - -23 - 14 - -2?
13
19 + 20 + -24 + -14
1
Evaluate 0 - (-2 - 0) - (-440 + 444).
-2
Evaluate -39 + (21 - -7 - 1).
-12
14 - (-6 + 17 - 6) - -4
13
Calculate 1701 + -1695 - ((1 - (-2 - -2)) + 7).
-2
What is the value of (-3 - 10) + 8 + (9 - 20)?
-16
-79 + 55 + (10 - 5)
-19
What is the value of -8 + 0 - (-111 - -103)?
0
(3 - 7 - -10) + -11 + -7
-12
What is 236 + -233 + (3 - (5 - 0)) + 12?
13
What is 8 + -1 + (45 - 47) - -8?
13
What is 291 - 301 - (-1 + -8) - -1?
0
Evaluate 6 + (-5 + 8 + -7 - -2 - 8).
-4
Calculate (-53 - -46) + (-2 + 2 - 1 - -14).
6
Evaluate -7 + 17 + -1 + -7 - -3.
5
What is the value of -4 + (2 - -13) + -8 + 3?
6
What is the value of (-14 - -7 - -25) + 2?
20
Calculate 62 + (42 - 0 - 82).
22
What is -1 + -13 - (14 - ((-11 - -48) + -20))?
-11
Evaluate 0 + (1 + -8 - -5).
-2
5 - 5 - (12 + (0 - 9))
-3
What is 31 - (47 + 43 + -36)?
-23
What is -50 - -52 - (-4 - (-2 - (0 - -1)))?
3
-10 + (7 + -3 - 1)
-7
What is the value of (-16 - 0 - (159 + -164)) + -15?
-26
What is the value of (-4 - (-34 + 0 + 13)) + -9?